-f + 2*u, 4*u - u + 18 = -3*f. What is the remainder when 18 is divided by ((-25)/f)/((-1)/(-2))?
3
Let s = 65 + -4. Calculate the remainder when s is divided by 8/(-26) - (-17728)/832.
19
Suppose 5*u + 0*u - 3*f = 1, 3*f = -5*u - 11. What is the remainder when 46 is divided by u - 2*35/(-5)?
7
Suppose -8*w - 110 = -13*w. Let u = w - 16. Suppose -u*i = 74 - 692. What is the remainder when i is divided by 21?
19
Suppose 0 = 26*b - 32*b - 24. Let i(q) be the first derivative of q**3/3 + q**2 - 5*q - 2. Calculate the remainder when i(b) is divided by 2.
1
Suppose 428 = 7*h - 3*h - f, -2*h + 214 = f. Calculate the remainder when h is divided by 18.
17
Suppose -17*j - 928 = -46*j. Calculate the remainder when 59 is divided by j.
27
Suppose 4*w - 8*w - 4*f = -36, -29 = -w + 4*f. Calculate the remainder when 181 is divided by w.
12
Let o = -8 + 25. Let u(h) = -14*h - 78. What is the remainder when o is divided by u(-6)?
5
Let d(j) be the second derivative of -1/20*j**5 + 1/6*j**4 + 9/2*j**2 + 7/6*j**3 + 0 - 3*j. What is the remainder when d(-4) is divided by 40?
37
Suppose -38 = r - 105. Let b = 71 - r. Calculate the remainder when 19 is divided by b.
3
Let o be 2322/(-117) - (-2)/(-13). Let c = -8 - o. Calculate the remainder when 45 is divided by c.
9
Let t(w) = 6*w + 120. What is the remainder when 981 is divided by t(-5)?
81
Suppose -215 + 50 = 5*g. Let t = 53 + g. What is the remainder when 77 is divided by t?
17
Suppose -8*y = -9*y + 45. Suppose g + y = 3*s, -4*g + 60 = 4*s - 7*g. Calculate the remainder when s is divided by 4.
3
Let y(b) = 5*b + 103. What is the remainder when 57 is divided by y(-14)?
24
Let u(q) = q**3 + 8*q**2 - 8*q + 13. Let a be u(-9). Suppose -101 - 55 = -a*d. What is the remainder when 155 is divided by d?
38
Let n(d) = d**2 - 31*d + 1. Let w be n(9). Let r = 313 + w. Calculate the remainder when r is divided by 12.
8
Let n = 14 - 5. Let h be (4/(-8))/((-1)/10). Suppose -o + 2*u + 4 = o, 2*o - 25 = -h*u. What is the remainder when n is divided by o?
4
Let m(u) = -8*u + 3. Let k be m(2). Let n = 36 + k. Suppose 3*c = 2*a + 5, -4*c + 3 + 2 = -3*a. What is the remainder when n is divided by c?
3
Suppose 0 = 4*i - 16, -3*i - 77 = -3*s + 37. Suppose h + 4*h - 2*f - 63 = 0, 2*h - 5*f = s. Calculate the remainder when 26 is divided by h.
4
Let w(l) = 9*l + 79. Let i be (3 - -1 - 2) + 2. Suppose -45 = -7*c + i*c. What is the remainder when w(-4) is divided by c?
13
Let k = 563 - 418. Calculate the remainder when k is divided by 136.
9
Let m(j) = j**2 - 8*j + 8. Let w be ((-4)/(-5))/((-10)/125). Let u be m(w). Let r = u - 85. What is the remainder when r is divided by 26?
25
Let y(b) = -b + 58. What is the remainder when y(3) is divided by 22?
11
Let x(w) = -10*w - 171. Calculate the remainder when 54 is divided by x(-20).
25
Suppose 7*a = 17*a - 410. Calculate the remainder when 1294/8 - (-3)/12 is divided by a.
39
Let m(q) = 9*q + 138. Calculate the remainder when m(26) is divided by 114.
30
Let q(c) = -c**3 - 5*c**2 - 5*c - 2. Let f be q(-4). Suppose -f*w = -11 - 3. What is the remainder when w is divided by 2?
1
Suppose -16*m + 70 = -17*m. Suppose -3*f + 399 = -4*z, 4*f - 324 = 5*z + 209. What is the remainder when f is divided by m/4*-2 + 0?
32
Let h = 3 + -13. Let w be (-14)/35 - 34/h. Calculate the remainder when 113/w + 2/(-3) is divided by 19.
18
Let x(t) = -t + 4. Let l be x(-3). Suppose l*y = 2*y + 465. Calculate the remainder when y/((0 - -3) + -2) is divided by 24.
21
Let m(g) = g**3 - 6*g**2 + 2*g - 32. Calculate the remainder when 154 is divided by m(7).
30
Let f(i) = -4*i + 5*i - 1 - i**3 + 46*i**2 + 0 - 36*i**2. Suppose -2*s - s + 3*q = -18, -2*q + 8 = 0. What is the remainder when 25 is divided by f(s)?
7
Suppose 0 = -3*b + 10 + 5. Suppose -k + 44 = 5*f, -5*k - 30*f + 25*f = -160. What is the remainder when k is divided by b?
4
Let t(w) = 2*w**3 - w**2 + 5*w - 17. What is the remainder when 127 is divided by t(3)?
41
Suppose -27*h + 36*h = 243. Calculate the remainder when 42 is divided by h.
15
Suppose 5*p = 4*d + 818 + 985, 5*d = 15. What is the remainder when p is divided by 75?
63
Let r = 29 + -12. What is the remainder when 65 is divided by r?
14
Let w(l) = 17*l + 14. Let m = 62 + -57. Calculate the remainder when w(m) is divided by 34.
31
What is the remainder when (1112/16)/((-6)/(-36)) is divided by 11?
10
Let b(u) = -44*u + 281. What is the remainder when b(-22) is divided by 25?
24
Let x be (4 + -1)/(-3 - (-72)/16). Calculate the remainder when 26 is divided by x*(-2 - -4 - -2*1).
2
Suppose -o + 2 + 0 = 0. Suppose 1 = v - o. What is the remainder when 33 is divided by 14/v*(-6)/(-4)?
5
Let o(j) = j**2 + 4*j - 1. Suppose 14 = 4*y - 2. Suppose y*q = -5*m + 39, 2*m - 15 = q + 11. What is the remainder when m is divided by o(-5)?
3
Suppose 2*s - 156 = 2*d, 6*s - 4*d - 388 = s. What is the remainder when s is divided by 8?
4
Suppose -8*q + 20 = -3*q. Suppose 3*b = 5*y - 38, -5*b + 88 - 18 = 5*y. Calculate the remainder when y is divided by q.
2
Let c(m) = m**2 - 3*m - 2. Let p = -8 - -10. What is the remainder when 6*7*p/4 is divided by c(5)?
5
Suppose 5 = -q + 12. Suppose 23*z - 404 + 151 = 0. What is the remainder when z is divided by q?
4
Suppose 44*v + 22168 = 61*v. What is the remainder when v is divided by 29?
28
Let r = 684 + -639. What is the remainder when r is divided by 25?
20
Let r = 958 - 915. What is the remainder when 556 is divided by r?
40
Suppose 4*d + 0*d = 76. Let g(y) = -37*y - 168. What is the remainder when g(-6) is divided by d?
16
Let d(m) = 112*m - 349. Calculate the remainder when d(5) is divided by 64.
19
What is the remainder when 2*((-340)/(-8) - (4 + -6)) is divided by 10?
9
Let n = 68 + -46. Suppose -97 = -4*f + 5*u, -f - u + n = -0*u. Calculate the remainder when f is divided by 6.
5
Let h(k) = -k**2 - 10*k - 16. Let f be h(-7). Suppose -15 = -q + 4*q, -w + f*q + 38 = 0. What is the remainder when 37 is divided by w?
11
Suppose -4*n + 2*m + 88 = 0, -n = -4*n + 5*m + 80. Suppose 22*b - n*b - 130 = 0. Calculate the remainder when b is divided by 22.
21
Suppose 2*t - t - 40 = s, 3*s = t - 48. Suppose 0 = -n - 3 + 40. Let k = -18 + n. Calculate the remainder when t is divided by k.
17
Suppose 0 = -o - 2*y - 52, 5*o + 184 = 2*o + y. Let a = o - -125. Suppose -2*q - 67 = -3*u, -3*u = -0*q - q - a. Calculate the remainder when u is divided by 8.
5
Let g(z) = 4*z + 38. What is the remainder when 519 is divided by g(-7)?
9
Suppose -p + 6*y + 19 = 2*y, 3*p - 3*y - 39 = 0. Let d = -129 + 133. What is the remainder when p is divided by d?
3
Let h be 366/(1 + 0) - 2. Suppose 7*r - 3*r = h. Suppose -231*x = -233*x + 46. What is the remainder when r is divided by x?
22
Suppose -4*z + 58 + 186 = 0. What is the remainder when z is divided by 9?
7
Suppose -4*c - 10*c = -238. Calculate the remainder when 303 is divided by c.
14
Suppose -5*f + 5*b + 0*b = -15, 5*f - 2*b = 9. Let m(g) = -2*g - 16. Calculate the remainder when m(-10) is divided by f.
0
Let c(x) = 9*x - 9. Let b be c(3). Let r = b + 28. Calculate the remainder when r is divided by 16.
14
Let i(x) = -x**2 - 16*x - 49. Let y be i(-12). What is the remainder when (4/y)/((-4)/88) is divided by 7?
4
Let z = -685 + 761. Calculate the remainder when z is divided by 38.
0
What is the remainder when 81 is divided by 20 + 7 + (0 - 6)?
18
Calculate the remainder when 321 is divided by (-3 - -1) + -4 - (0 - 52).
45
Suppose 6*s + 114 - 390 = 0. What is the remainder when 118 is divided by s?
26
Suppose -4*o - 3*k + 12 = 0, 3*k - 9 = 3. Suppose -72 - 84 = -12*y. What is the remainder when y is divided by (5 - o)*(-24)/(-20)?
1
Let p(j) = -j**2 + 48*j - 458. What is the remainder when p(22) is divided by 19?
0
Let y(k) = -26*k - 26*k + 63*k - 3. Calculate the remainder when y(7) is divided by 15.
14
Suppose -i + 2 = -0*i. Let j(r) = 12*r - 1. Calculate the remainder when j(i) is divided by 13.
10
Suppose 99 = q - 5*k, 13 - 72 = -q - 3*k. Calculate the remainder when 961 is divided by q.
73
Suppose 7*v = 14*v + 91. Let h = v - -20. What is the remainder when 34 is divided by h?
6
Let b(m) = 8*m - 76. Let d(r) = 4*r - 37. Let p(h) = -6*b(h) + 11*d(h). Calculate the remainder when 50 is divided by p(9).
11
Suppose -c = -4*w - 129, -4*c + 2*w =